tiple of 77?
False
Does 58 divide 82018960?
True
Is 1916018734 a multiple of 280?
False
Does 116 divide 24104336?
True
Does 15 divide 204219501?
False
Does 68 divide 75246148?
True
Is 8 a factor of 7581425?
False
Is 103789782 a multiple of 88?
False
Is 654993182 a multiple of 1287?
False
Is 107 a factor of 18082786?
True
Is 1065113240 a multiple of 2392?
False
Is 25391356 a multiple of 1426?
True
Is 92713109 a multiple of 17?
False
Is 145662360 a multiple of 95?
True
Is 184209907 a multiple of 172?
False
Is 107051841 a multiple of 39?
True
Is 353605991 a multiple of 68?
False
Is 33 a factor of 60909684?
True
Is 330 a factor of 18557257?
False
Is 933 a factor of 139159749?
True
Is 1395 a factor of 1760414528?
False
Is 301 a factor of 3007592?
True
Is 156 a factor of 493951536?
True
Does 48 divide 293426557?
False
Is 158472271 a multiple of 1057?
False
Does 6 divide 10487481?
False
Is 33 a factor of 4828956?
True
Is 346514496 a multiple of 49?
False
Does 559 divide 11799931?
True
Does 27 divide 2818175668?
False
Does 28 divide 126505974?
False
Does 2661 divide 78225417?
True
Does 2492 divide 31162460?
True
Is 267 a factor of 763728669?
True
Does 79 divide 138378192?
False
Is 1370 a factor of 28557650?
True
Is 104 a factor of 779394?
False
Is 19 a factor of 243530087?
True
Is 197648664 a multiple of 17?
True
Is 669 a factor of 18144194?
False
Is 49 a factor of 11975208?
True
Is 37783610 a multiple of 9?
False
Is 267503449 a multiple of 156?
False
Is 89 a factor of 4621116?
False
Does 228 divide 155998386?
False
Is 33584096 a multiple of 4256?
True
Is 329 a factor of 89348504?
True
Is 76 a factor of 116330540?
True
Does 2595 divide 14838924?
False
Does 4 divide 22166907?
False
Does 2079 divide 16594985?
False
Is 402308072 a multiple of 122?
False
Is 5 a factor of 17460435?
True
Is 8 a factor of 1674705112?
True
Is 242 a factor of 215342974?
True
Is 55494250 a multiple of 475?
True
Is 133 a factor of 165033553?
False
Is 13 a factor of 827161468?
False
Is 10236527 a multiple of 13?
False
Does 25 divide 2787822275?
True
Does 16 divide 873744224?
True
Is 78762720 a multiple of 16?
True
Does 52 divide 16718881?
False
Does 185 divide 158663215?
True
Is 140534976 a multiple of 16?
True
Is 1998889 a multiple of 18?
False
Is 193 a factor of 912790588?
False
Is 1346476342 a multiple of 22?
False
Does 1209 divide 353278837?
False
Is 13284427 a multiple of 83?
False
Is 13 a factor of 63173500?
True
Is 481 a factor of 1990491674?
False
Is 188 a factor of 4442816?
True
Does 1262 divide 335497652?
True
Does 4 divide 707976?
True
Is 383758541 a multiple of 1419?
False
Does 13 divide 16309111?
True
Does 1654 divide 47492956?
True
Is 134655788 a multiple of 38?
False
Does 68 divide 649191062?
False
Is 1144 a factor of 1006379923?
False
Does 13 divide 73337627?
False
Is 2081237036 a multiple of 59?
True
Does 4 divide 53348812?
True
Is 19413376 a multiple of 6?
False
Is 160 a factor of 86659148?
False
Is 884833336 a multiple of 3040?
False
Does 27 divide 2372508225?
True
Is 385136197 a multiple of 6?
False
Does 36 divide 69661492?
False
Does 87 divide 17933658?
True
Is 16681396 a multiple of 32?
False
Is 37985834 a multiple of 3009?
False
Does 214 divide 14725754?
False
Is 45634760 a multiple of 46?
True
Does 374 divide 119232536?
False
Is 64064440 a multiple of 51?
False
Is 281 a factor of 13410083?
False
Does 505 divide 15781250?
True
Does 6594 divide 4948195288?
False
Does 7129 divide 3342119021?
False
Is 68 a factor of 287195866?
False
Does 131 divide 20042992?
False
Does 106 divide 158902056?
True
Does 7838 divide 1493954152?
True
Is 65 a factor of 96297779?
False
Is 186 a factor of 1087121826?
True
Does 786 divide 80646744?
True
Is 9 a factor of 3274511?
False
Is 321554711 a multiple of 4929?
False
Does 69 divide 6102372?
False
Does 14 divide 32475355?
False
Is 13 a factor of 1249975766?
True
Does 19 divide 1864312186?
True
Is 13792200 a multiple of 200?
True
Is 648 a factor of 1790517433?
False
Is 42479004 a multiple of 113?
False
Is 61408168 a multiple of 235?
False
Is 80 a factor of 88576400?
True
Does 4297 divide 251899079?
False
Does 3172 divide 146356080?
True
Is 115733101 a multiple of 646?
False
Is 1458851 even?
False
Is 14270681 a multiple of 16?
False
Is 797463291 a multiple of 588?
False
Does 3627 divide 129895171?
False
Is 18 a factor of 69848963?
False
Does 77 divide 61942034?
True
Does 54 divide 18707028?
False
Is 1268709156 a multiple of 198?
True
Is 14 a factor of 380915220?
True
Is 21 a factor of 1380408?
False
Does 5 divide 928564251?
False
Does 18 divide 1566569034?
True
Is 979 a factor of 502576503?
True
Is 570 a factor of 1077590802?
False
Is 6 a factor of 2426850?
True
Is 573183038 a multiple of 2897?
True
Does 305 divide 28538850?
True
Is 2148660 a multiple of 6?
True
Is 2164670341 a multiple of 86?
False
Is 238831776 a multiple of 544?
True
Is 28925487 a multiple of 9?
True
Is 21649803 a multiple of 83?
True
Does 12 divide 4202266946?
False
Is 4549898669 a multiple of 303?
False
Is 8679 a factor of 2097419214?
True
Is 10355082 a multiple of 3414?
False
Is 732 a factor of 50185188?
True
Does 56 divide 24970781?
False
Is 118 a factor of 12875334?
True
Does 888 divide 428084687?
False
Does 151 divide 70784119?
True
Is 268 a factor of 55537104?
True
Is 959 a factor of 218026732?
True
Does 2548 divide 2250459848?
True
Is 15347706 a multiple of 38?
True
Is 1498 a factor of 2424747264?
False
Is 15 a factor of 55499880?
True
Is 352870386 a multiple of 649?
True
Is 866688212 a multiple of 13?
True
Is 103487882 a multiple of 19?
False
Is 1087 a factor of 311137993?
False
Is 11 a factor of 635663204?
True
Does 3128 divide 54605357?
False
Does 5038 divide 494252990?
True
Is 159805915 a multiple of 71?
False
Is 896348963 a multiple of 4725?
False
Is 5554 a factor of 1766783437?
False
Does 1971 divide 5514349?
False
Does 2650 divide 318285408?
False
Is 31254583 a multiple of 60?
False
Is 83 a factor of 39251779?
True
Does 10927 divide 2253584480?
True
Does 10 divide 80090966?
False
Does 17 divide 7751392?
False
Does 1814 divide 25402290?
False
Is 1983184517 a multiple of 4?
False
Is 66 a factor of 226493014?
False
Does 310 divide 663664120?
True
Does 3 divide 4625386?
False
Is 1039179450 a multiple of 50?
True
Is 19977040 a multiple of 4?
True
Is 562195519 a multiple of 194?
False
Is 226 a factor of 440545868?
True
Does 27 divide 123561369?
True
Does 203 divide 34561562?
True
Does 1118 divide 16462939?
False
Is 20510541 a multiple of 4?
False
Is 4605 a factor of 1344853743?
False
Does 470 divide 825992570?
True
Is 16 a factor of 7275440606?
False
Is 1076632 a multiple of 8?
True
Does 472 divide 550829547?
False
Is 23 a factor of 37769024?
False
Is 93072936 a multiple of 219?
False
Does 10 divide 4234486107?
False
Is 2129331600 a multiple of 10200?
True
Is 15 a factor of 68666670?
True
Is 397396468 a multiple of 358?
True
Is 405654496 a multiple of 598?
True
Does 1052 divide 454326188?
True
Is 1203 a factor of 51793275?
False
Does 6 divide 193074936?
True
Does 490 divide 397885390?
True
Is 29458170 a multiple of 138?
True
Is 237 a factor of 5057581?
False
Is 82318530 a multiple of 2?
True
Is 2578100 a multiple of 20?
True
Is 831538986 a multiple of 1411?
True
Does 559 divide 264346628?
True
Does 186 divide 12462562?
False
Is 40459899 a multiple of 6?
False
Does 558 divide 30898692?
True
Is 17 a factor of 453200246?
True
Is 3586 a factor of 162478074?
True
Is 263 a factor of 7866593?
True
Is 2356 a factor of 647921726?
False
Is 152 a factor of 19337522?
False
Does 108 divide 193038228?
True
Is 139 a factor of 32542958?
True
Does 3 divide 2855910?
True
Does 1140 divide 4674786095?
False
Is 121 a factor of 203821343?
False
Is 3739569 a multiple of 10?
False
Is 806 a factor of 3083271594?
True
Is 64 a factor of 3568715?
False
Is 343 a factor of 1766571422?
True
Is 853 a factor of 9605880?
False
Does 71 divide 873103898?
True
Does 33 divide 155562792?
True
Does 9 divide 15684714?
True
Is 27009038 a multiple of 259?
True
Is 29 a factor of 237553210?
True
Does 199 divide 3299076210?
False
Is 118118028 a multiple of 147?
True
Is 22 a factor of 631472646?
False
Does 4836 divide 933164696?
False
Is 1617204253 a multiple of 118?
False
Is 1454 a factor of 763